 -1 - m. Suppose o = 2*t + 3*j - j - 50, 3*t + 4*j = 80. List the prime factors of t.
2, 5
Let j be 17*(1 + 4/(-2)). Let t = -8 - j. List the prime factors of t.
3
List the prime factors of -1 + (28 - (-1)/(-1)).
2, 13
Let p(i) be the third derivative of -i**8/20160 - i**7/720 + i**5/30 - i**2. Let o(t) be the third derivative of p(t). List the prime factors of o(-5).
2, 5
Let j(g) = -g**2 + g + 24. Suppose 0 = -5*r - 0*s - 3*s + 6, 3*s = -3*r + 6. What are the prime factors of j(r)?
2, 3
Let a = 24 + 47. List the prime factors of a.
71
Suppose 24 = x + 2*s, 4*x - 4*s = -x + 134. What are the prime factors of x?
2, 13
Let w(h) = -h**2 - 6*h + 10. Let g be w(-7). Suppose 0 = 2*x - g*x. Suppose -5*j = -x*j - 35. List the prime factors of j.
7
Suppose -9 = 2*i - 389. What are the prime factors of i?
2, 5, 19
Suppose -4*n - 52 = -3*g, 4*n = 4*g + 3*n - 91. Suppose -3*w + 24 = -g. Suppose -10 - w = -2*u. What are the prime factors of u?
13
Let r = 39 + -14. List the prime factors of r.
5
Let z = -27 + 14. Let y = -2 - z. What are the prime factors of y?
11
Suppose 5*z - 880 = 4*r, -r - 137 = -2*z + 215. What are the prime factors of z?
2, 11
Let h(p) = -9*p - 3. Let t be h(-2). Let f = 0 + t. Suppose k = -0*k + f. List the prime factors of k.
3, 5
Suppose 2*r = -5*f + 882, -5*f - 4*r + 870 = r. What are the prime factors of f?
2, 89
Suppose 2*v - 10 = -3*v. Suppose -4*r + 43 + 29 = 5*c, v*r = -5*c + 66. List the prime factors of c.
2, 3
Suppose 0 = -u - 0*u. Let f be 3 + (-3)/(3 - u). Suppose f*l - 14 = 3*m + 2, 3*l - 31 = m. What are the prime factors of l?
11
Let h(y) = y**3 + 8*y**2 - 3*y - 9. Let u be h(-8). Suppose -p + 0 = -u. What are the prime factors of p?
3, 5
Suppose 5*d - d - 286 = u, 205 = 3*d + 4*u. Suppose 0 = -4*k + q + d - 27, -q = -k + 11. List the prime factors of k.
11
Let o(d) = -d**2 + 5*d - 4. Let j be o(5). Let i = j + 8. Suppose 0 = f - i - 5. What are the prime factors of f?
3
Suppose -56*a + 61*a - 765 = 0. List the prime factors of a.
3, 17
Let w = 27 - 5. Let d = w + -16. Suppose g = -5*z + 6, 0*g - 3*z + d = g. List the prime factors of g.
2, 3
Let h(d) = d**3 + 6*d**2 + 2*d - 1. Let k be h(-5). Let r be (k/6)/(3/9). What are the prime factors of (-2)/(-2*1/r)?
7
Suppose -3*l + 6*l + 8 = f, -4*f = -5*l - 11. Let d = f + 1. Suppose z + d = 11. What are the prime factors of z?
11
Suppose -2*n + 0*n + 6 = 0. Let y(u) = 5*u - 4. What are the prime factors of y(n)?
11
Let i be 1*3*(3 - 2). Let c be (16/(-10))/((-2)/55). Suppose -h + c = i*h. List the prime factors of h.
11
Let t = -57 + 125. List the prime factors of t.
2, 17
Let t(g) = g**2 - 7*g - 3. Let u be t(8). Suppose -4*w - 27 = -3*h, -h + 2*w + 9 = u*w. What are the prime factors of h?
3
Let m(h) = h**3 + h**2 - h + 1. Let f be m(0). Let l = -1 + f. Let x = 4 - l. List the prime factors of x.
2
Suppose 2*o = -o. Suppose 0 = 5*d - o*d - 100. Let p = d - 10. What are the prime factors of p?
2, 5
Suppose -z = -4, -6*k - 5*z = -k - 145. Suppose -k = -c + 21. What are the prime factors of c?
2, 23
Suppose o + 5 = 0, 0 = -5*t - o + 7 - 2. Suppose 3*r + 6 = 3*j - 3, -13 = -5*r - t*j. Suppose -n = r - 8. What are the prime factors of n?
7
Let s = -11 + 5. What are the prime factors of (-3 - s/4)*-10?
3, 5
What are the prime factors of 1/(-5) + (-442)/(-10)?
2, 11
Let r = 55 - -25. What are the prime factors of r?
2, 5
Suppose 3*s - k = -3*k + 129, 0 = 2*s - 2*k - 76. What are the prime factors of s?
41
Let v = 40 - 36. List the prime factors of v.
2
Let w(k) = k**3 - 10*k**2 + 9*k + 4. Let i be w(9). Suppose 55 = 2*v - 3*f, -i*f + 17 = 3*v - 23. List the prime factors of v.
2, 5
Let m(g) be the second derivative of g**4/12 + 3*g**3/2 + 10*g. What are the prime factors of m(-11)?
2, 11
Suppose 5*t = y + 3*t - 6, -4*y + 14 = 2*t. Let z = y + -4. Suppose -3*a + 18 = -z*a. What are the prime factors of a?
2, 3
Let r(q) = q**3 - 7*q**2 + 8*q - 8. Let s be r(6). Suppose 0 = 5*f - 0*g - g - 40, -s = -2*f - 2*g. What are the prime factors of f?
7
Let t(s) = s**2 - 23*s + 0*s**2 + 16*s - 1. What are the prime factors of t(9)?
17
Let q(s) = s**3 + 6*s**2 - 2*s - 5. List the prime factors of q(-6).
7
Let h(x) = 18*x + 12. Let t(d) = -1. Let s(p) = h(p) + 12*t(p). Let b be s(1). List the prime factors of ((-1)/(-3))/(3/b).
2
Let i(v) = -v**2 + 11*v + 6. List the prime factors of i(9).
2, 3
Suppose i - 49 = -9. What are the prime factors of i?
2, 5
Suppose -3 = -4*g + 5. Suppose -2*j + 21 = -c - 6*j, -2*c - 6 = -j. Let o = g - c. What are the prime factors of o?
7
Suppose 2*d + 13 = -u + 6*d, 4*d - 4 = 4*u. Suppose 3*o = -2*f + 3*f - 8, 0 = 3*f + u*o - 84. List the prime factors of f.
23
Let r = 191 - 88. List the prime factors of r.
103
Suppose -p = -5*g + 161, 4*g = 2*p - 6*p + 148. List the prime factors of g.
3, 11
Let j(q) = q + 22. Let y be j(0). Suppose 4*k + 2 = y. List the prime factors of k.
5
Let d = -4 + 3. Let b be -18*(d - (-3)/6). Suppose -y - 2*y + b = 0. What are the prime factors of y?
3
Suppose 2*x = -4*t + 438, -3*t - 3*x + 7*x + 312 = 0. What are the prime factors of t?
2, 3
Let w(y) = y**2 - y. Let o be w(3). Suppose 2*z + 3*x - 10 = 0, -5*z + o*x + 25 = 3*x. Suppose -z*t = -48 - 7. List the prime factors of t.
11
Let i(q) = -q**2 - 42*q - 26. List the prime factors of i(-12).
2, 167
Let w(h) = h**3 - 3*h**2 + 2*h + 2. Let n be w(2). Suppose -5*z - 38 = -4*j - 160, 3*j = -n*z + 58. Let f = 42 - z. What are the prime factors of f?
2
List the prime factors of (3/(-4))/3*-172.
43
What are the prime factors of 3 - -10*76/8?
2, 7
Let o(j) = -j**3 - j + 9. Let x(a) = -a**3 + 8*a**2. Let z be x(8). Let n be o(z). Suppose 4*r + 61 = 5*h, -r + 23 = 4*h - n. List the prime factors of h.
3
What are the prime factors of ((-2)/(-8))/(2 + 1372/(-688))?
43
Let f(r) = -r**3 - 3*r**2 + 2*r - 1. Let l = -3 + 0. Let v be f(l). Let s = 13 + v. What are the prime factors of s?
2, 3
Suppose -2*a = 4, -4*n - a - 18 = -0*a. Let d be (n/(-3))/(2/3). Suppose -5*p + 4*c = -36, -d*p - 3*c = -p + 8. List the prime factors of p.
2
Let p(j) = -j**2 + 10*j + 4. List the prime factors of p(8).
2, 5
Suppose 3*i = 17 - 2. Suppose 38 + 17 = i*s. What are the prime factors of s?
11
Let d(k) = -k**3 - 4*k**2 - k + 3. Let f be d(-5). Let x = f + -13. Suppose x = -c + 3*c. What are the prime factors of c?
2, 5
Let b = -72 - -212. What are the prime factors of b?
2, 5, 7
Let i be ((-4)/2 - -1) + 43. Suppose 0*q - i = 2*q. Let y = q - -32. What are the prime factors of y?
11
Let x be (-1)/4 - 13/(-4). Suppose -4*u + y = -58 - 38, 4*u = -x*y + 112. List the prime factors of u.
5
List the prime factors of 445/6 - 2/12.
2, 37
Suppose -6*n = -n - 265. List the prime factors of n.
53
Let u(r) = r + 9. Let l be u(-6). Suppose 6*x = 3*x + 2*v + 41, -x = l*v - 21. List the prime factors of x.
3, 5
Let q(l) = l**3 - 5*l**2. What are the prime factors of q(6)?
2, 3
Let k be (-4)/(-10) - (-92)/(-5). List the prime factors of (-1 + -2)*60/k.
2, 5
Suppose -p + 21 = 3*k - 50, 4*p - 219 = k. What are the prime factors of p?
2, 7
Let x be ((-6)/(-5))/((-1)/(-5)). Suppose 5*s + 5 = -0*s. Let c = x - s. List the prime factors of c.
7
Let w(d) = 7*d**3 - 9*d**2 + 8*d - 3. Let f(s) = 6*s**3 - 9*s**2 + 8*s - 4. Let x(r) = -6*f(r) + 5*w(r). Suppose -4*a = 9 - 41. List the prime factors of x(a).
3
Let c(y) = y**3 - 3*y**2 + 2. Let j be c(3). Suppose -2 = -p + j. List the prime factors of p.
2
Let a(d) = -d**2 + 33*d - 9. What are the prime factors of a(20)?
251
Let h(u) = 19*u + 1. Suppose 5*b - 3*c = 2*b - 3, c - 2 = 0. List the prime factors of h(b).
2, 5
Let n = -7 + 10. Let j = 5 + 3. Let g = j - n. What are the prime factors of g?
5
Suppose 3*y - 4*c - 52 = 0, 4*c + 5 = -c. What are the prime factors of y?
2
Suppose 5*o - 3 = 3*m - m, 16 = -3*m - 4*o. Let j = m + 4. Suppose 4*w = 2*n + 36, -4*n - 6 = -j*w - 2*w. List the prime factors of w.
11
Let m(r) = 4*r - 7. List the prime factors of m(4).
3
Suppose 0 = 2*x + 4. Let w = x - -40. List the prime factors of w.
2, 19
Suppose -39 = -4*j - 15. What are the prime factors of j?
2, 3
Suppose 0 = -0*z + 3*z + 5*o + 11, 10 = 5*o. Let s(a) be the third derivative of -a**4/24 - a**3/6 - a**2. What are the prime factors of s(z)?
2, 3
Let u(l) = l**2 - 3*l + 2. Let x be u(3). S